) = y**2 + 13*y - 1002. What is l(26)?
12
Let v(y) = -y**2 + 138*y - 3825. Determine v(98).
95
Let p(t) = -247*t - 11205. Give p(-46).
157
Let f(v) = -9*v - 199. What is f(-22)?
-1
Let s(z) = -z**2 - 464*z + 97500. Calculate s(157).
3
Let t(c) = -102*c - 494. What is t(-5)?
16
Let k(w) = -10*w**3 - 6*w**2 + 8*w - 1. Give k(3).
-301
Let o(q) = 33*q + 45. Determine o(-15).
-450
Let m(k) = -40*k + 79. What is m(7)?
-201
Let i(h) = -2*h**2 - 188*h - 1698. Calculate i(-10).
-18
Let x(a) = -49*a**2 - 13*a + 32. Determine x(2).
-190
Let s(d) = 5*d**3 - 3*d**2 + 6*d - 12. Give s(2).
28
Let c(h) = 3*h**2 - 123*h - 20. What is c(42)?
106
Let v(w) = 1267*w + 5059. Give v(-4).
-9
Let z(b) = 646*b + 5174. Determine z(-8).
6
Let m(v) = -2*v**2 - 1021*v - 52888. What is m(-452)?
-4
Let b(s) = 2*s**2 + 44*s + 190. Determine b(-15).
-20
Let t(s) = -40*s + 355. Determine t(9).
-5
Let x(n) = 353*n - 15179. Calculate x(43).
0
Let s(k) = k**2 - 15*k + 15. What is s(15)?
15
Let t(d) = -87*d - 2011. Determine t(-23).
-10
Let n(q) = -3*q**3 + 8*q**2 - q. Calculate n(3).
-12
Let n(g) = 103*g - 364. Give n(3).
-55
Let b(g) = -g**3 - 23*g**2 + 22*g - 33. Determine b(-24).
15
Let i(r) = -4*r**2 + 229*r - 125. Determine i(58).
-299
Let a(n) = -21*n**2 + 1218*n + 14. Calculate a(58).
14
Let v(r) = 189*r**2 + 2080*r + 18. What is v(-11)?
7
Let g(m) = -37*m + 13. Determine g(8).
-283
Let o(y) = -13*y**2 - 44*y - 27. What is o(-1)?
4
Let k(q) = -2*q**3 - 16*q**2 + 13*q + 103. What is k(-9)?
148
Let u(j) = -j**3 + 29*j**2 + 48*j + 74. What is u(31)?
-360
Let a(m) = -45*m**2 - 182*m - 7. Determine a(-4).
1
Let r(q) = -q**3 + 58*q**2 - 169*q + 157. Determine r(55).
-63
Let f(t) = -t**3 + 26*t**2 + 6*t - 125. Determine f(26).
31
Let n(q) = -q**3 - 17*q**2 + 19*q + 256. What is n(-11)?
-679
Let x(w) = -2*w**3 - 28*w**2 - 92*w - 6. Calculate x(-7).
-48
Let l(d) = 62*d - 202. Give l(6).
170
Let k(h) = h**3 + 30*h**2 - 252*h - 8145. Calculate k(-29).
4
Let r(i) = -i**2 - 12*i + 51. Determine r(-12).
51
Let k(b) = 189*b + 51. What is k(-3)?
-516
Let j(q) = -417*q + 831. Calculate j(2).
-3
Let r(u) = u**3 - 9*u**2 - 55*u + 10. Give r(11).
-353
Let r(g) = 534*g - 346. Determine r(1).
188
Let z(n) = n**3 + 27*n**2 + 46*n + 39. Determine z(-25).
139
Let a(k) = k**3 - 30*k**2 + 159*k + 44. Give a(23).
-2
Let q(z) = -z**2 - 22*z + 157. Calculate q(-26).
53
Let g(h) = -57*h + 148. What is g(0)?
148
Let n(a) = -5*a - 903. Give n(-181).
2
Let s(o) = -394*o**2 + 5*o + 37. Give s(0).
37
Let h(u) = -43*u - 271. Determine h(-8).
73
Let v(g) = -11*g + 73. Calculate v(7).
-4
Let l(w) = 126*w - 750. Give l(6).
6
Let c(i) = -4647*i + 27880. What is c(6)?
-2
Let v(c) = 4*c**2 - 145*c + 304. Calculate v(34).
-2
Let q(b) = 350*b + 3142. What is q(-9)?
-8
Let w(t) = -2510*t + 20076. Determine w(8).
-4
Let k(b) = -b**3 - 34*b**2 + 74*b + 79. Determine k(-36).
7
Let l(x) = 6*x**2 + 35*x + 41. Calculate l(-4).
-3
Let s(x) = -149*x + 1508. Determine s(10).
18
Let d(b) = -2*b**3 + 10*b**2 - 24*b + 234. What is d(6)?
18
Let r(q) = 2*q**2 - 58*q + 333. Calculate r(7).
25
Let x(f) = f**3 + f**2 + 21*f + 214. What is x(-5)?
9
Let y(x) = -2*x**2 + 6*x + 238. What is y(-15)?
-302
Let m(p) = -2*p**2 + 80*p + 346. Calculate m(44).
-6
Let l(i) = 5*i**2 + 24*i + 25. What is l(-4)?
9
Let f(t) = -6*t**3 + 12*t**2 + 63*t + 35. Give f(-2).
5
Let o(u) = u**3 + 17*u**2 + 8*u - 21. Determine o(-15).
309
Let j(r) = 10*r + 7. Calculate j(5).
57
Let t(x) = -6*x**3 - 310*x**2 + 107*x + 159. What is t(-52)?
3
Let x(y) = 26*y**3 - 4*y**2 - 5*y - 5. What is x(-1)?
-30
Let z(t) = -16*t + 989. Calculate z(62).
-3
Let k(j) = 12*j**3 - 6*j**2 + 12*j + 4. What is k(3)?
310
Let v(h) = h**3 - 9*h**2 + 59*h - 517. What is v(9)?
14
Let y(l) = -l**3 - 15*l**2 + 30*l - 71. Give y(-17).
-3
Let u(p) = 19*p**2 - 4*p - 25. Calculate u(-7).
934
Let q(a) = -9*a**2 + 503*a - 435. Determine q(55).
5
Let p(k) = 25*k**3 + 7*k**2 - 11*k + 3. Determine p(1).
24
Let z(r) = -r**3 + 9*r**2 + 5*r - 10. Determine z(12).
-382
Let r(l) = l**2 - 17*l - 18. Determine r(14).
-60
Let k(f) = f**3 + 50*f**2 + 3*f + 152. Determine k(-50).
2
Let m(p) = -5*p**2 - 190*p + 613. Give m(-41).
-2
Let j(l) = 2*l**2 + 70*l + 430. What is j(-8)?
-2
Let f(o) = 33*o - 104. What is f(5)?
61
Let l(b) = -11*b - 54. What is l(-34)?
320
Let h(x) = -x**2 - 9*x + 60. What is h(-19)?
-130
Let k(m) = 314*m + 20413. Determine k(-65).
3
Let i(j) = -j**3 - 29*j**2 + 105*j + 26. Calculate i(-32).
-262
Let i(w) = -w**3 - 8*w**2 - 4*w - 2. Give i(-6).
-50
Let w(s) = s**3 + 121*s**2 + 337*s - 2019. Calculate w(-118).
-13
Let w(d) = 29*d + 9. What is w(-5)?
-136
Let j(p) = -p**2 - 151*p - 634. Determine j(-4).
-46
Let g(h) = -h**2 - 58*h + 1089. Give g(-73).
-6
Let i(w) = -4*w**2 - 566*w + 2940. Give i(5).
10
Let p(l) = 34*l**2 + l. What is p(-2)?
134
Let q(a) = 255*a - 1726. Give q(6).
-196
Let o(m) = -m**3 + 32*m**2 + 6*m + 880. Give o(33).
-11
Let b(v) = -v**3 - 14*v**2 - 68*v - 721. Give b(-13).
-6
Let u(z) = -z**3 - 3*z**2 + 218*z + 23. What is u(13)?
153
Let t(d) = -3*d**2 + 38*d - 90. What is t(10)?
-10
Let p(d) = 2*d**2 - 28*d + 98. Give p(7).
0
Let o(v) = -v**2 + 148*v - 4808. Calculate o(100).
-8
Let i(p) = -15*p - 10. Give i(3).
-55
Let b(t) = -17*t + 111. Determine b(11).
-76
Let b(v) = 381*v - 4604. Determine b(12).
-32
Let z(g) = -g**3 - 19*g**2 + 19*g + 362. What is z(-19)?
1
Let a(d) = 2288*d + 2292. Determine a(-1).
4
Let h(r) = 2*r**2 - 3085*r + 15396. Determine h(5).
21
Let o(c) = 3*c - 15. Determine o(3).
-6
Let y(t) = -47*t + 530. Determine y(13).
-81
Let b(j) = 2*j**2 + 3*j - 186. Give b(-9).
-51
Let r(m) = 34*m**3 - 5*m**2 - 2*m + 6. Determine r(2).
254
Let v(q) = 153*q**2 + 2*q + 37. What is v(0)?
37
Let q(c) = 2*c**2 - 239*c - 239. Calculate q(-1).
2
Let k(h) = 51*h - 3731. Determine k(68).
-263
Let q(n) = 22*n - 463. Determine q(20).
-23
Let z(x) = 1742*x + 43540. Give z(-25).
-10
Let h(q) = -2*q**2 + 331*q - 1728. Calculate h(160).
32
Let t(c) = -3*c**2 - 287*c + 12417. Calculate t(-128).
1
Let t(l) = 3*l**2 + 367*l + 527. Determine t(-121).
43
Let m(a) = a**2 + 10*a - 29. Calculate m(-9).
-38
Let n(u) = 3*u**2 - 51*u + 190. Calculate n(8).
-26
Let k(b) = b**3 + 4*b**2 - 4*b + 15. Calculate k(-4).
31
Let q(n) = 20*n - 268. What is q(9)?
-88
Let t(m) = -m**2 - 104*m - 1086. What is t(-92)?
18
Let d(v) = -509*v - 5556. Give d(-11).
43
Let h(q) = -7*q**2 + 27*q - 102. What is h(5)?
-142
Let u(m) = 624*m + 20621. Determine u(-33).
29
Let r(w) = w**3 + 7*w**2 + 368*w + 3470. Determine r(-9).
-4
Let v(u) = -u**3 - 43*u**2 - 58*u - 669. Give v(-42).
3
Let q(r) = r**2 + 41*r - 77. Calculate q(-43).
9
Let i(f) = 295*f - 19182. Determine i(65).
-7
Let l(s) = -s**2 + 47*s + 500. Give l(-9).
-4
Let v(f) = -5*f**2 - 154*f + 72. Determine v(-30).
192
Let h(n) = -36*n - 814. Calculate h(-21).
-58
Let q(z) = -42*z + 1373. Determine q(32).
29
Let j(b) = -35*b - 174. Determine j(-4).
-34
Let c(l) = -3*l**3 - 6*l**2 + 11*l - 8. Calculate c(2).
-34
Let c(d) = -238*d - 2653. Calculate c(-11).
-35
Let w(n) = 21*n**3 - 103*n**2 - 14*n + 25. Determine w(5).
5
Let l(k) = -k**2 + 35*k - 388. Calculate l(16).
-84
Let g(i) = 1622*i + 25961. Determine g(-16).
9
Let u(l) = l**2 + 29*l + 215. Give u(-19).
25
Let d(v) = 6*v**2 - 134*v + 389. What is d(19)?
9
Let x(c) = -7*c - 176. Determine x(-35).
69
Let n(g) = g**3 + 3*g**2 - 300*g + 72. What is n(-19)?
-4
Let t(l) = -777*l - 3891. What is t(-5)?
-6
Let l(m) = -46*m + 2999. Determine l(65).
9
Let u(t) = t**3 - 5*t**2 + 159*t - 623. What is u(4)?
-3
Let c(i) = 26*i + 103. Determine c(-5).
-27
Let s(f) = 11*f**2 - 505*f - 510. Calculate s(-1).
6
Let d(m) = m**2 + 88*m - 2013. What is d(19)?
20
Let s(b) = 4*b**2 - 75*b - 993. Calculate s(-9).
6
Let o(u) = 4*u + 81. Calculate o(24).
177
Let k(o) = 92*o + 5888. What is k(-64)?
0
Let b(j) = -21*j**2 - 9*j + 5. What is b(3)?
-211
Let t(q) = -q**3 - 56*q**2 - 705*q - 39. What is t(-19)?
-1
Let i(o) = -2*o**3 + 76*o**2 - 55*o + 36. Calculate i(37).
739
Let v(n) = -n**3 - 663*n**2 - 2636*n - 11. Give v(-4).
-11
Let y(a) = -a**3 + a**2 + 10*a - 14. Calculate y(7).
-238
Let a(s) = -2*s**3 - 76*s**2 + 65*s - 514. Determine a(-39).
-7
Let y(r) = 46*r - 612. Calculate y(11).
-106
Let i(v) = v**3 - 28*v**2 - 29*